 -7. Suppose -4*f - s*f + 24 = 0. Determine l(f).
-14
Let o(k) = 4*k + 4. Let f be (-1)/(1/(-3 - 7)). Let g(l) = -l**3 + 10*l**2 + l - 4. Let v be g(f). Suppose -5*r - v - 9 = 0. Calculate o(r).
-8
Let j be 2 + -1 + 1/1. Let q(f) = 8*f**3 + f**j - 1 + 2*f**2 - 2*f**2. Let k(m) = m**2 + 7*m + 9. Let g be k(-5). What is q(g)?
-8
Let q(p) be the third derivative of -p**6/40 + p**5/60 + p**4/24 - p**3/3 - 284*p**2 + 1. What is q(-2)?
24
Let z(d) be the first derivative of -d**4/4 - 11*d**3/3 - 5*d**2 + 2*d + 24. Determine z(-10).
2
Suppose z + 0*u - 2*u = 23, 75 = 5*z - 2*u. Suppose 3 = -2*s - 15. Let d = z + s. Let g(f) = -3*f + 1. Give g(d).
-11
Let a(g) be the second derivative of g**7/2520 + 11*g**6/720 + 7*g**5/60 - 17*g**4/12 - 12*g. Let z(w) be the third derivative of a(w). Calculate z(-10).
4
Let v be 5/(-20) + (-122)/(-8). Let y = -10 + v. Suppose 2*a = 0, -y*l = -5*a + 11 + 9. Let q(f) = -f**3 - 4*f**2 + f + 1. Calculate q(l).
-3
Let n be 42/9 + 0 + 2/6. Suppose 2*i + 3*m - 45 = n*i, -17 = 3*i + 4*m. Let h(y) = -y**2 - 10*y + 15. What is h(i)?
4
Let c = 28 - 22. Let k(v) = -c*v + 6*v + 1 + v. Let m be k(-6). Let l(a) = a**3 + 5*a**2 + 2*a + 3. Give l(m).
-7
Let s(h) = 4*h**2 + 3*h - 5. Let z(u) = -u**3 - 1. Let j(i) = s(i) - 4*z(i). Let d(n) = -n**3 - 1. Let r(y) = -5*d(y) - j(y). Calculate r(5).
16
Suppose 235 - 165 = -10*l. Let a(h) = -h**2 + 3*h - 1. Calculate a(l).
-71
Let x(i) = 3*i**2 - 2 + 0 + 3 - 9*i + 8*i. Calculate x(2).
11
Suppose 3*m + 24 = -2*v + 6*v, -5*m + 12 = 2*v. Let o(x) = -x - 3. Give o(v).
-9
Let p(t) = t**2 + 6*t - 7. Let u(c) = c**3 - 30*c**2 - 33*c + 56. Let g be u(31). Calculate p(g).
-7
Suppose -4*x + 4 = -5*x + u, -2*u = -2. Let j(q) = -3*q + 1. Give j(x).
10
Let d(a) = -a**2 - 2*a. Suppose -6 = -5*h - 2*g, -h - 4 + 12 = -3*g. Suppose -5*n + h*n = 21. Let w be (-3)/21 + 20/n. Give d(w).
-3
Suppose -1 = 5*i + 19. Let m(p) be the third derivative of 0 - 6*p - 1/3*p**3 + 1/8*p**4 - 2*p**2. Determine m(i).
-14
Let b(q) = q**2 - 4*q - 49. Let j be b(-6). Suppose -2*v + 3*f = j + 1, 0 = f. Let c(p) = -p**3 - 6*p**2 - 2*p - 4. Determine c(v).
8
Let y(h) be the second derivative of -h**4/12 - 2*h**3/3 - 2*h**2 - 3*h - 5. Calculate y(-4).
-4
Let a(s) be the first derivative of -s**4/4 - 2*s**3/3 + 3*s**2/2 + 2*s + 470. Determine a(-3).
2
Let s = 26 + -8. Suppose s = -7*a + 10*a. Let p(m) = -m**3 + 2*m**2 - 2*m + 1. Let l(i) = i**2 - i + 1. Let y(c) = -5*l(c) - p(c). Determine y(a).
0
Let l(n) = -4*n - 1. Suppose 0 = -19*y + 17*y + 18. Let f(s) = -s**2 + 9*s + 1. Let i be f(y). Give l(i).
-5
Suppose -2*y + 5*y = -5*d + 40, 2*d - 16 = 3*y. Let r(k) = d + 8*k**2 + 0*k**3 + 23*k + k**3 - 14*k. What is r(-7)?
-6
Let w(g) = 127*g - 44*g - 39*g - 38*g - 4. Let t = 9 + -5. Give w(t).
20
Let t(h) = 17*h**2 + 3*h - 7. Let z(f) = 8*f**2 + f - 3. Let w(i) = -3*t(i) + 7*z(i). What is w(2)?
16
Let b(c) = 3*c - 6. Let m(k) = -25*k + 53. Let j(z) = 51*b(z) + 6*m(z). Give j(-4).
0
Let f(a) = -5*a - a - 4 + 5*a. Let y(j) = 71*j - 2134. Let u be y(30). Determine f(u).
0
Let f(b) = -b**2 - 5*b - 6. Let m be f(-3). Suppose -3*l = -m*l - 24. Suppose -7*i + 5*i - l = 0. Let s(j) = -3*j - 4. Calculate s(i).
8
Let x(w) = w - 4. Suppose -5*b + b - 400 = 0. Let h be 2/(-6) - b/30. What is x(h)?
-1
Let l(b) = b + 3. Let t = 30 - 45. Let s = -8 - t. Suppose -5*v + 6*v = -s. What is l(v)?
-4
Let f(k) = -30*k**3 - 2*k**2 + k. Suppose 0 = 4*v - 3 - 1. Calculate f(v).
-31
Let b(d) = -d**2 + d - 1. Let r(c) = -3*c**2 + 5*c - 16. Let h be ((-1)/2)/(5/60). Let j be ((-2)/h)/((-2)/6). Let a(f) = j*r(f) + 4*b(f). What is a(0)?
12
Let v(c) = -5*c. Let l(u) = -u - 7. Let w(o) = -32*o. Let r(b) = -11*b. Let x(i) = -17*r(i) + 6*w(i). Let j be x(2). Let a be l(j). Give v(a).
-15
Let h(x) be the third derivative of -x**6/120 + x**5/15 + 7*x**4/24 + x**3/6 + x**2. Suppose 43*i - 195 = 4*i. Determine h(i).
11
Let j(w) = 3*w**2 - w - 4. Let a(n) = -15*n**2 + 5*n + 22. Let h(d) = 2*a(d) + 11*j(d). What is h(0)?
0
Let m(s) = -27*s - 27*s + 39*s - 6 + 16*s. Let n(q) = 1 + 0*q + 0*q - 2*q. Let j be n(-3). Calculate m(j).
1
Suppose 30 = -4*i + i. Let w = 1 + i. Let q(n) = 2*n + 18. Let d be q(w). Let s(p) = p**3 - p**2 - p - 1. Calculate s(d).
-1
Let b(v) be the first derivative of v**4/4 - v**2 - v + 3. Let w be b(-1). Let x(a) = 7 + a**3 + a + a**2 - 1 - 1. What is x(w)?
5
Let y(u) = -u**2 - u + 1. Let w = 32 + -31. Let v(a) = 2*a**2 - 3*a - 1. Let t(k) = w*v(k) + 3*y(k). Let b be (-6)/(-2*2/(-4)). Determine t(b).
2
Let g(i) be the third derivative of -i**4/24 - 2*i**3/3 - 40*i**2. Suppose -s + 5*f + 20 = -5*s, -2*s - 32 = -3*f. Calculate g(s).
6
Let k(c) = 8*c**2 + 24*c + 4. Let f(o) = -o**2 - 2*o. Let d(r) = 10*f(r) + k(r). What is d(4)?
-12
Let y(b) be the third derivative of -3*b**4/8 - b**3/6 - 295*b**2. Give y(3).
-28
Let o(u) = 0*u**2 + 9*u + 4 + 0 + u**2 + 1. Let r = -12 - -48. Let g be -14*(-4 + r/8). Give o(g).
-9
Let w(h) = -3 - 6 - h + 0*h - 2. What is w(-5)?
-6
Let h(v) = 5*v + 28. Let z be h(-5). Let y(s) be the second derivative of -1/6*s**z - 4*s + 0 + 2*s**2. What is y(3)?
1
Let x(h) = 14*h**3 + 2*h**2 + h. Let m be -5 + (-6)/5*180/(-54). Calculate x(m).
-13
Suppose 6*r - 2*r = -5*u + 11, -u = -2*r + 9. Let n be (18/r)/3*104/39. Let p(i) = -i**3 + 4*i**2 + 2*i + 3. Calculate p(n).
11
Suppose 10*o + 4 = 11*o. Let c(q) = 1. Let z(a) = 3*a + 0 - 5 - 5*a. Let l(b) = -2*c(b) - z(b). Give l(o).
11
Let t(m) be the first derivative of m**6/360 + m**5/30 - 5*m**4/24 - 20*m**3/3 + 10. Let u(p) be the third derivative of t(p). Give u(-5).
0
Let o(m) = m**2 - m + 16. Suppose 2*p - 4*p + 18 = 0. Suppose 0 = -p*y + 2*y. Calculate o(y).
16
Let u be (-48)/(-36) + 6/9. Let s(k) = 2*k**3 - 3*k**2 - k - 1. Give s(u).
1
Let u(m) = m**3 - 2*m**2 + 290 - 290 + m**3 - 3*m**3. Give u(-2).
0
Let x(j) = 1 - 4*j**2 - 22*j - j**2 - 25*j + 46*j. Give x(1).
-5
Let u be 3 - 6*(1 - -1). Let p(g) = -2*g - 18. Let k be p(u). Let v(n) = n**2 + n + 7. Determine v(k).
7
Let x(a) = 6*a**3 - 9*a**2 - 2*a - 7. Let f(c) = c**3 + c - 4. Let r(i) = -5*f(i) + x(i). What is r(9)?
-50
Let t(r) = -3*r**3 + 3*r**2 + 6. Let h(y) = -5*y**3 + 5*y**2 + 12. Let l(b) = -4*h(b) + 7*t(b). Let q be -2 + (-1 - 0)/(-1). Let d = 1 + q. Determine l(d).
-6
Let d(b) = b**2 - 8*b - 21. Let f(h) = h**3 + 15*h**2 - 13*h + 57. Let u be f(-16). Calculate d(u).
-12
Let u(r) = 16*r + 22. Let w be (2/5)/((-3)/(-30)). Suppose -11 = -w*d + 9. Let a(q) = -11*q - 15. Let x(v) = d*u(v) + 7*a(v). Give x(-5).
-10
Let j(o) = -15*o - 1. Let c(w) = -22*w - 1. Let s(a) = -5*c(a) + 7*j(a). Let b(u) = 4*u - 1. Let x(f) = -3*b(f) + 2*s(f). Calculate x(-6).
11
Let p(o) be the second derivative of -o**4/6 - 2*o**3 + 3*o**2 - 4*o - 4. What is p(-6)?
6
Let i(g) = -3*g - 8. Let f(v) = -v - 2. Let b(t) = -2*f(t) + i(t). Give b(-2).
-2
Let m(a) be the third derivative of 0*a + 1/120*a**6 + 0 - a**3 - 1/12*a**5 + 9*a**2 + 1/6*a**4. Determine m(5).
14
Let i(v) = -v**2 + 3*v + 1. Let n be 3/2*(-536)/(-12). Let x = n + -62. Determine i(x).
-9
Let y be 110/44*8/10. Let w(b) = 1 - 2 + 0. Let c(x) = x**2 - x + 3. Let a(q) = c(q) + 3*w(q). Calculate a(y).
2
Let a(q) = 3*q**3 + 5*q**2 - 4*q + 12. Let l(y) = -10*y**3 - 15*y**2 + 13*y - 44. Let d(i) = 7*a(i) + 2*l(i). Give d(-4).
20
Suppose -z - 12 = 2*z. Let p(w) = -6*w**2 + 3*w + 4. Let l(v) = -7*v**2 + 4*v + 4. Let g be (-140)/21 - 2/(-3). Let b(k) = g*p(k) + 5*l(k). Give b(z).
4
Let f(s) = s**3 + 18*s**2 + 18*s + 20. Let j be f(-17). Suppose 4*y + 17 = j*x + 2*x, 0 = -x - 2*y - 5. Let b(a) = 4 - 8*a + 8*a**2 + 7*a - 4. Calculate b(x).
7
Let n(k) = -4*k. Let z be n(-2). Let y be z*(-3)/(-1 + -5). Let t(p) = p**3 - 5*p**2 + 2*p - 5. Determine t(y).
-13
Suppose -6*m = -4*m - 6. Suppose 10*p = 7*p - m. Let u(s) = 4*s**3 - s**3 + s**2 + s - 2*s**3 + s**3. Give u(p).
-2
Suppose -j = -3*n + 13, 2*n + 0*n - 6 = 2*j. Let d(x) = -6 - 3*x + 6*x + x**3 + 0*x**2 - j*x - 6*x**2. Let f = 11 - 5. Give d(f).
0
Let k(i) be the second derivative of i**4/12 - 3*i**3/2 + 9*i**2 - 357*i. What is k(8)?
10
Let s(v) = 5 - 2 - 5 + 1 - 6*v - 2*v. Suppose 3*l - 4*l = -1. Suppose 2*z + l = 3. Give s(z).
-9
Let a(i) = i**2 - 3*i + 1. Let m be a(3). Suppose -g + 6 = m. Suppose 2*k + g*d = 5*k + 12, 2*d - 11 = -5*k. Let z(j) 